 -5*k - 2*m + 14, 2*k = 4*m - z. Determine t(k).
-6
Let z(q) = q + 8. Let r(y) = -y**2 + 4*y - 7. Let v be r(3). Calculate z(v).
4
Let v(g) be the second derivative of 1/2*g**3 + 5*g - 1/2*g**2 - 5/12*g**4 + 1/20*g**5 + 0. Calculate v(4).
-5
Let o(b) = 1 + 5 + 0 - 4 + b**2. Let f(w) = -w + 1. Let i be f(3). Calculate o(i).
6
Let u(w) = -4*w**2 + w - 2. Let o(d) be the first derivative of -7*d**3/3 + d**2 - 3*d - 1. Let g(p) = -3*o(p) + 5*u(p). Give g(3).
5
Let q be (4/6)/((-5)/30). Let j = q - -6. Suppose 7 = 2*r - 4*r + v, -3*v = j*r + 19. Let k(d) = -d**2 - 4*d. Determine k(r).
-5
Let s = -4 - 1. Let k(b) = -9*b - 8. Let x(w) = -8*w - 7. Let h(v) = s*k(v) + 6*x(v). Calculate h(-3).
7
Let h(o) = -o**2 - 5*o + 8. Let s = -5 + -1. Let g be h(s). Let c(f) = f - g + 3 - 2 - 4*f. Determine c(-2).
5
Let u(x) = -4*x + 19. Let i(t) = -3*t + 17. Let a(d) = -5*i(d) + 4*u(d). What is a(-10)?
1
Let d(t) = 5*t + 15. Let m(n) = -n - 1. Let u(i) = -d(i) - 6*m(i). Calculate u(4).
-5
Let a(w) be the third derivative of 0*w + 0*w**3 + 1/12*w**4 + 1/12*w**5 + 5*w**2 + 0 - 1/120*w**6. Suppose 12 + 13 = 5*i. Determine a(i).
10
Let c(d) = -4*d**3 - 3*d**3 + d**2 - 2*d**2. Determine c(-1).
6
Let u = 18 - 13. Let x(v) = v**2 - 1. Let d(w) = -4*w**2 + 2*w + 6. Let g(k) = d(k) + 3*x(k). Determine g(u).
-12
Let i be ((-1)/3)/(5/(-30)). Let v(d) = d + i*d**2 + 0*d**2 - d**2. Give v(-4).
12
Let g be (24/32)/((-2)/(-16)). Let y(z) = z**2 - 8*z + 9. Determine y(g).
-3
Let g = 14 - 13. Let y(t) be the second derivative of t**3/2 - 2*t. Give y(g).
3
Let c(f) = -20*f**2 + 5*f + 8. Let d(r) = -13*r**2 + 3*r + 5. Let k(z) = -5*c(z) + 8*d(z). Give k(2).
-18
Let y(q) = -q + 1. Suppose 3*g - 2*m = -5, m = -3*g - g - 25. Let w = -3 - g. Let s be (8*-1)/w*-1. Give y(s).
-3
Let d = 14 + -20. Let o(q) = -q**3 - 5*q**2 + 2*q - 8. Give o(d).
16
Let c(f) = 2*f - 1. Let s(r) = r - 1. Let h(v) = 4*c(v) - 3*s(v). What is h(-1)?
-6
Let m(h) = h**3 - h - 3. Let p = -4 - -7. Suppose -3*j - p*x + 12 = 0, 0 = 3*x - 11 - 1. Let f = 0 + j. Calculate m(f).
-3
Let f = -359 - -355. Let i(t) = -3 + 1 - 4 - 3*t. Determine i(f).
6
Let j(r) be the second derivative of -r**3/2 - 3*r**2/2 - 2*r - 49. Calculate j(-5).
12
Let t(f) = -2*f**3 - 9*f**2 + f - 11. Let o be t(-5). Let p(n) = -n + 6. What is p(o)?
-3
Suppose 0 = -2*b + 34 + 26. Let v be (b/(-2))/(-3) - 1. Suppose -h - 2 = 0, v*z + 4*h = 5*z - 11. Let p(g) = -g**2 + 3*g + 2. Give p(z).
2
Let z(m) = -m**3 + m + 2. Let l be z(2). Let n(a) = a**3 + 3*a**2 - 3*a - 6. Determine n(l).
-10
Let s(g) = g**2 + 8*g - 7. Let m(y) = -y**2 + 3*y + 9. Let h be m(6). Give s(h).
2
Let u(j) = j**3 - 10*j**2 + 10*j - 4. Let h be u(9). Suppose -y + h*y = 0. Let z(o) = -o**2 - o - 3. What is z(y)?
-3
Let l(p) = -22*p + 4. Let x(s) = -7*s + 1. Let v(b) = 2*l(b) - 7*x(b). Let o(k) = -11*k - 3. Let f(g) = 2*o(g) + 5*v(g). Let t be 52/(-39) + 26/6. Give f(t).
8
Suppose l - 1 = 3. Let b = l - 9. Let a(s) be the third derivative of -s**5/60 - 5*s**4/24 - s**3/3 + 4*s**2. Calculate a(b).
-2
Let p(v) = v**3 - v**2 - 1. Let k(l) = -6*l**3 + 2*l**2 + l + 8. Let z(r) = k(r) + 5*p(r). Calculate z(-3).
0
Let f(n) = -13*n**2 + 1. Suppose -2*y + 5*l = 17, -6*y + 2*y - 10 = -2*l. Give f(y).
-12
Let b(a) be the third derivative of -a**5/40 - a**4/24 - a**3/6 - 2*a**2. Let c(t) be the first derivative of b(t). Determine c(2).
-7
Let q(n) = -15*n - 9. Let d(g) be the second derivative of 5*g**3/6 + 3*g**2/2 - g. Let w(p) = 7*d(p) + 2*q(p). Give w(-3).
-12
Let b be (-3)/4 + (-15)/(-4). Suppose -i = -5 + b. Let l(y) = 5 + 3*y - i - 4 - y**2. What is l(3)?
-1
Let u(x) = -x**3 + 4*x**2 - 2. Let o(i) = i**3 - 4*i**2 + 1. Let f(d) = -3*o(d) - 4*u(d). Determine f(4).
5
Let b be 8/28 + (-40)/(-7). Suppose f = 4*f - b. Let i(j) = -j**2 + 2*j - 3. Determine i(f).
-3
Let r(w) = -w**2 + 5*w + 1. Let q = 4 - 0. Calculate r(q).
5
Let l(x) = -x**2 + 2*x + 1. Let m be l(2). Let o(j) be the first derivative of j**4/4 - j**3 + j**2 - j - 1. Calculate o(m).
-1
Let h be 12/10*(-5)/(-2). Suppose 7 + 5 = 4*i. Suppose -5*r + 25 = i*b, -b + 12 + 3 = h*r. Let w(y) = y**3 + y**2 - y - 6. Give w(b).
-6
Let s = 16 + -13. Let p(k) = 4*k**3 - 3*k**2 - 5*k + 3. Let i(q) = q**3 - q**2 - q. Let f(t) = -5*i(t) + p(t). Calculate f(s).
-6
Suppose -5*c = -6*c. Let g = 3 + c. Let t(k) = 2*k - 2. Determine t(g).
4
Let y(o) be the third derivative of 0 - 1/6*o**3 - 5*o**2 + 1/24*o**4 + 0*o. Determine y(2).
1
Suppose -t + 0*t = -5*m + 12, 0 = 3*t - 4*m + 14. Let g be -3*1/(3/(-4)). Let l(x) = -g*x**2 - 3*x - x**3 + 0*x - 3 + 0*x**3. Calculate l(t).
-5
Let z(i) be the second derivative of 3*i**5/20 + i**4/12 - i**2/2 - 2*i. Suppose h = -4*h + 5. Calculate z(h).
3
Let t(q) = -q**3 + q**2 - 5. Suppose 0*f = -3*f. What is t(f)?
-5
Let u(d) = -5*d**3 - 2*d - 4*d**3 - 4*d**3 + d. Give u(1).
-14
Suppose -3 = -2*c + 4*c + 5*v, 4*v = -2*c + 2. Let t(w) = w**3 - 10*w**2 - 10*w - 9. Let f be t(c). Let z(j) = j**3 - 3*j**2 - 2*j + 2. Determine z(f).
-6
Let s(c) = -2*c - 2. Let y(z) = z**3 + 7*z**2 + 2*z + 16. Let h be y(-7). Give s(h).
-6
Let q(p) be the second derivative of 2*p**3/3 - 34*p. Determine q(-1).
-4
Let i(o) = -4*o**2 + 8*o - 6. Let f(k) = 5*k**2 - 8*k + 6. Let d(l) = 3*f(l) + 4*i(l). Suppose 2*c = 4, 9 + 9 = 4*q - c. Give d(q).
9
Suppose -5*r - 5 = 5*a, a + 3*a + 4 = 5*r. Let s(u) = u - 1. Calculate s(r).
-1
Let a(o) = -o + 9. Let d(l) = -l + 10. Let q(f) = -4*a(f) + 3*d(f). Suppose 0*k = 5*k + 40. Let c be ((-18)/k)/(3/8). Calculate q(c).
0
Let h be (-2 - -4*1) + 1. Let t(z) = -6*z - 2. Let s(x) = 2*x - 5. Let a be s(5). Let y(n) = -3*n - 1. Let v(l) = a*y(l) - 2*t(l). Give v(h).
-10
Let f(a) = 0*a**2 + 2*a**2 + 3*a + a**2 - 2 - 4*a**2. Give f(4).
-6
Let d(o) = -o**3 + 4*o**2 + 11*o + 5. Let r(g) = g**3 - 5*g**2 - 12*g - 6. Let y(t) = -7*d(t) - 6*r(t). Give y(-4).
-11
Suppose 7*i = -0*i - 7. Let k(x) = 9*x. Calculate k(i).
-9
Let n(p) be the first derivative of 1/60*p**5 - 1 + 0*p + 1/6*p**3 + p**2 + 1/12*p**4 - 1/120*p**6. Let z(w) be the second derivative of n(w). What is z(-1)?
1
Suppose 0 = -x - v + 6 - 1, 0 = -5*x + 4*v - 20. Let j(c) be the second derivative of 1/6*c**3 + 0*c**2 + x + 4*c. Determine j(2).
2
Let z(k) be the third derivative of k**6/120 - k**5/20 + k**4/12 - k**3/2 + 173*k**2. Suppose 15 = 4*t + t. What is z(t)?
3
Let j be 35/25 + 6/(-15). Let g(u) = 11*u**2 + 0 - 2*u + 2 - 1. What is g(j)?
10
Let n be -1 - ((4 - -1) + -1). Let c(s) = s**3 + 6*s**2 + 4*s - 7. Calculate c(n).
-2
Let c(n) = -n + 2 - n + 4*n. What is c(-6)?
-10
Let i(h) be the third derivative of h**5/60 - h**4/12 + h**3/3 + 2*h**2. Suppose -5*z + 2*a = -10, -6*a + 36 = 4*z - 2*a. Give i(z).
10
Let b(u) be the first derivative of u**6/120 - u**5/10 - u**4/12 + 3*u**3/2 - u**2 - 3. Let y(i) be the second derivative of b(i). Calculate y(6).
-3
Let v(c) = -5*c + 6. Let i(j) = -11*j + 12. Let s(b) = 4*i(b) - 9*v(b). What is s(5)?
-1
Let s(h) be the second derivative of -h**5/20 - h**4/3 + h**3/6 + 3*h**2/2 + 14*h. What is s(-4)?
-1
Suppose -3*v - 8 = -2*k, -4*v - 13 = v - 3*k. Let m(a) = 0 + 1 - 2 + 2*a. Let p be m(v). Let n(g) = -g**2 - 5*g - 5. Determine n(p).
-5
Let r = -15 + 17. Let m(f) = -3*f**2 - f + 3*f**2 + 1 - f**r. Calculate m(-2).
-1
Let c = 31 + -22. Let w = -4 + c. Let m(o) = 5*o**2 + 3*o + 11. Let z(p) = 2*p**2 + 2*p + 5. Let d(n) = -3*m(n) + 7*z(n). Give d(w).
2
Let z(n) = -16*n - 22. Let p(g) = 5*g + 7. Let d(f) = 7*p(f) + 2*z(f). Let a(t) = -2*t - 3. Let w(j) = -5*a(j) - 3*d(j). Calculate w(3).
3
Suppose 6 = 2*f - 3*f. Let s(w) be the second derivative of w**3/6 + w**2/2 - 9*w. Determine s(f).
-5
Let l be (-1)/(3/(-12)) + -2. Let s(t) = 2 - 4*t - 7*t**l - t**3 - 4*t**2 + 5*t**2. Suppose 2*u = -u - 15. Determine s(u).
-3
Let g(d) = d**3 - 9*d**2 + 9*d - 5. Let m be g(8). Suppose 3*p - 20 = 5*b, -5*b = m*p + 30 - 10. Let y(c) = -c. What is y(b)?
4
Let b(y) = -1 + 8*y - 2*y**2 - 4*y - 2*y**2 - 3*y. Suppose 21 = 3*k - 3*x, -5*x = k + 3*k + 8. Let f = 4 - k. Determine b(f).
-4
Let c(s) = -2*s + 6*s - s - 4*s. Calculate c(-1).
1
Let n(h) be the first derivative of h**5/60 - h**4/8 - 2*h**3/3 - 1. Let f(i) be the third derivative of n(i). Determine f(2).
1
Let y(o) = o - 4. Suppose 0 = -h - 3*h + 5*t + 36, 45 = 5*h + 2*t. Suppose 